59?
17, 127
List the prime factors of 350.
2, 5, 7
List the prime factors of 576.
2, 3
List the prime factors of 2751.
3, 7, 131
List the prime factors of 228.
2, 3, 19
What are the prime factors of 1236?
2, 3, 103
What are the prime factors of 14849?
31, 479
What are the prime factors of 3225?
3, 5, 43
What are the prime factors of 13242?
2, 3, 2207
List the prime factors of 402.
2, 3, 67
What are the prime factors of 21807?
3, 2423
List the prime factors of 1279.
1279
What are the prime factors of 1095?
3, 5, 73
What are the prime factors of 1312?
2, 41
List the prime factors of 35940.
2, 3, 5, 599
List the prime factors of 1332.
2, 3, 37
What are the prime factors of 15279?
3, 11, 463
What are the prime factors of 626?
2, 313
List the prime factors of 17063.
113, 151
What are the prime factors of 30064?
2, 1879
List the prime factors of 422.
2, 211
List the prime factors of 11666.
2, 19, 307
What are the prime factors of 462?
2, 3, 7, 11
List the prime factors of 39506.
2, 19753
List the prime factors of 1818.
2, 3, 101
List the prime factors of 31051.
31051
What are the prime factors of 71424?
2, 3, 31
List the prime factors of 1046.
2, 523
List the prime factors of 6485.
5, 1297
List the prime factors of 1926.
2, 3, 107
What are the prime factors of 74177?
74177
List the prime factors of 1067.
11, 97
List the prime factors of 33361.
73, 457
List the prime factors of 1908.
2, 3, 53
List the prime factors of 38306.
2, 107, 179
What are the prime factors of 53328?
2, 3, 11, 101
What are the prime factors of 4547?
4547
What are the prime factors of 2168?
2, 271
List the prime factors of 60524.
2, 15131
List the prime factors of 1955.
5, 17, 23
What are the prime factors of 29211?
3, 7, 13, 107
What are the prime factors of 3788?
2, 947
List the prime factors of 1246.
2, 7, 89
What are the prime factors of 195308?
2, 157, 311
List the prime factors of 93099.
3, 31033
What are the prime factors of 1597?
1597
What are the prime factors of 4430?
2, 5, 443
What are the prime factors of 3732?
2, 3, 311
List the prime factors of 7045.
5, 1409
What are the prime factors of 2616?
2, 3, 109
What are the prime factors of 1483?
1483
List the prime factors of 404.
2, 101
What are the prime factors of 4556?
2, 17, 67
What are the prime factors of 12519?
3, 13, 107
List the prime factors of 3612.
2, 3, 7, 43
What are the prime factors of 3638?
2, 17, 107
What are the prime factors of 1007?
19, 53
What are the prime factors of 84300?
2, 3, 5, 281
What are the prime factors of 77531?
31, 41, 61
List the prime factors of 1664.
2, 13
What are the prime factors of 3024?
2, 3, 7
List the prime factors of 100507.
11, 9137
What are the prime factors of 376?
2, 47
List the prime factors of 389.
389
List the prime factors of 12573.
3, 11, 127
What are the prime factors of 107594?
2, 23, 2339
What are the prime factors of 1903?
11, 173
What are the prime factors of 1978?
2, 23, 43
What are the prime factors of 1351?
7, 193
List the prime factors of 16856.
2, 7, 43
List the prime factors of 23242.
2, 11621
List the prime factors of 898.
2, 449
List the prime factors of 128343.
3, 179, 239
What are the prime factors of 3202?
2, 1601
List the prime factors of 11620.
2, 5, 7, 83
What are the prime factors of 6927?
3, 2309
What are the prime factors of 1084?
2, 271
What are the prime factors of 850?
2, 5, 17
List the prime factors of 101.
101
What are the prime factors of 2232?
2, 3, 31
What are the prime factors of 19333?
19333
What are the prime factors of 4607?
17, 271
List the prime factors of 6378.
2, 3, 1063
List the prime factors of 3054.
2, 3, 509
List the prime factors of 954.
2, 3, 53
List the prime factors of 29948.
2, 7487
What are the prime factors of 1217?
1217
List the prime factors of 9738.
2, 3, 541
List the prime factors of 101.
101
What are the prime factors of 5894?
2, 7, 421
What are the prime factors of 8259?
3, 2753
List the prime factors of 1860.
2, 3, 5, 31
What are the prime factors of 19182?
2, 3, 23, 139
What are the prime factors of 163545?
3, 5, 10903
List the prime factors of 216.
2, 3
List the prime factors of 258.
2, 3, 43
List the prime factors of 1626.
2, 3, 271
List the prime factors of 1879.
1879
What are the prime factors of 379?
379
What are the prime factors of 3945?
3, 5, 263
What are the prime factors of 99?
3, 11
List the prime factors of 7348.
2, 11, 167
List the prime factors of 1502.
2, 751
What are the prime factors of 7?
7
List the prime factors of 4730.
2, 5, 11, 43
List the prime factors of 16899.
3, 43, 131
List the prime factors of 97968.
2, 3, 13, 157
List the prime factors of 24300.
2, 3, 5
What are the prime factors of 56102?
2, 28051
List the prime factors of 17374.
2, 7, 17, 73
What are the prime factors of 3304?
2, 7, 59
List the prime factors of 5127.
3, 1709
List the prime factors of 797.
797
What are the prime factors of 1271?
31, 41
What are the prime factors of 253?
11, 23
List the prime factors of 30505.
5, 6101
List the prime factors of 31902.
2, 3, 13, 409
List the prime factors of 3295.
5, 659
List the prime factors of 1067.
11, 97
List the prime factors of 56879.
23, 2473
List the prime factors of 2639.
7, 13, 29
What are the prime factors of 234?
2, 3, 13
List the prime factors of 13024.
2, 11, 37
What are the prime factors of 5432?
2, 7, 97
List the prime factors of 980.
2, 5, 7
List the prime factors of 17001.
3, 1889
What are the prime factors of 647?
647
List the prime factors of 15543.
3, 11, 157
What are the prime factors of 4648?
2, 7, 83
List the prime factors of 6082.
2, 3041
What are the prime factors of 7154?
2, 7, 73
List the prime factors of 4627.
7, 661
What are the prime factors of 36288?
2, 3, 7
List the prime factors of 18636.
2, 3, 1553
What are the prime factors of 1234?
2, 617
List the prime factors of 2632.
2, 7, 47
List the prime factors of 45691.
45691
What are the prime factors of 390?
2, 3, 5, 13
What are the prime factors of 7559?
7559
What are the prime factors of 11103?
3, 3701
What are the prime factors of 19280?
2, 5, 241
What are the prime factors of 9455?
5, 31, 61
List the prime factors of 157.
157
What are the prime factors of 4924?
2, 1231
List the prime factors of 31054.
2, 15527
List the prime factors of 8215.
5, 31, 53
List the prime factors of 482.
2, 241
List the prime factors of 6115.
5, 1223
List the prime factors of 73.
73
List the prime factors of 11516.
2, 2879
What are the prime factors of 54810?
2, 3, 5, 7, 29
What are the prime factors of 863?
863
List the prime factors of 2492.
2, 7, 89
List the prime factors of 14125.
5, 113
What are the prime factors of 5017?
29, 173
List the prime factors of 1470.
2, 3, 5, 7
List the prime factors of 3640.
2, 5, 7, 13
List the prime factors of 27328.
2, 7, 61
What are the prime factors of 80665?
5, 13, 17, 73
What are the prime factors of 27561?
3, 9187
List the prime factors of 4192.
2, 131
List the prime factors of 4281.
3, 1427
What are the prime factors of 1770?
2, 3, 5, 59
List the prime factors of 456.
2, 3, 19
List the prime factors of 67135.
5, 29, 463
List the prime factors of 8.
2
What are the prime factors of 1021?
1021
What are the prime factors of 45743?
149, 307
List the prime factors of 5724.
2, 3, 53
What are the prime factors of 1218?
2, 3, 7, 29
What are the prime factors of 26033?
7, 3719
What are the prime factors of 702?
2, 3, 13
List the prime factors of 86471.
7, 11, 1123
List the prime factors of 123759.
3, 13751
What are the prime factors of 1040?
2, 5, 13
List the prime factors of 4195.
5, 839
List the prime factors of 1207.
17, 71
What are the prime factors of 2914?
2, 31, 47
List the prime factors of 38044.
2, 9511
List the prime factors of 11746.
2, 7, 839
List the prime factors of 5655.
3, 5, 13, 29
List the prime factors of 8391.
3, 2797
What are the prime factors of 628?
2, 157
What are the prime factors of 3588?
2, 3, 13, 23
List the prime factors of 24586.
2, 19, 647
What are the prime factors of 22845?
3, 5, 1523
List the prime factors of 1643.
31, 53
List the prime factors of 3686.
2, 19, 97
What are the prime factors of 24216?
2, 3, 1009
List the prime factors of 14302.
2, 7151
What are the prime factors of 1510?
2, 5, 151
What are the prime factors of 5987?
5987
What are the pri